?
14
Calculate -5 - (6 - (-9 - -14)).
-6
What is 0 + 2 - (-13 - (6 + 17 + -32))?
6
Calculate (10 - 18) + (-7 - -19).
4
Evaluate -10 - (13 + -2 + -4 + -2).
-15
Calculate (0 - (9 + 7)) + (-7 - (4 - 7)).
-20
(6 - (12 + -13)) + (2 - 1)
8
What is the value of -9 + (3 - -32 - (-8 + 8 + 9))?
17
Evaluate 10 - ((-8 - 12) + 35).
-5
Evaluate 322 - 330 - (2 - 1).
-9
Evaluate 7 + (7 - (16 - 4)).
2
What is the value of 14 - (4 - -3 - 6)?
13
Evaluate 142 - 134 - ((4 - 6) + 5 - -5).
0
What is (-20 - 0) + (160 - 137)?
3
-3 - ((-7 - 0) + (2 - 13 - -13))
2
Evaluate 3 - (10 - (1 - -8) - (-2 - 1)).
-1
(-2 - 8) + 33 + -18 - 7
-2
What is -14 + -18 + 55 + -7?
16
(7 + (-12 - -2) - 3) + (-17 - 2)
-25
What is the value of 6 - (17 - 8) - (5 - 1)?
-7
What is the value of 12 + (-3 + -8 - 0)?
1
-8 - 3 - (-16 + 14)
-9
What is -82 + 38 - 1 - -40?
-5
Calculate (3 - 19 - -19) + -19.
-16
Evaluate 33 - (56 + -15 - -20).
-28
7 + (-1 - 0 - (0 - (-12 - -13)))
7
Evaluate 11 + 565 + -549 + (2 - (5 + 1)).
23
What is -3 - (0 + (3 - 13) - -5)?
2
What is the value of 3 - 6 - 26 - -20?
-9
Evaluate -54 - -55 - (-9 - (1 - -1)) - 3.
9
Calculate -12 + -1 + (-8 - -11 - -4).
-6
Calculate (239 - 250) + (2 - -7) + 27.
25
Calculate (-13 - -2) + 7 + -1.
-5
What is 11 + -7 + 3 + 4 + 2 - -3?
16
What is the value of 9 + -10 + (-17 - 3)?
-21
8 + -2 + 11 + -5 + 3 + -21
-6
What is the value of -6 - (-6 + (-12 - -19))?
-7
-6 - ((3 - (9 + (1 - 7))) + 0)
-6
-7 + 13 + -10 + 3 + -6
-7
-3 + -2 - 1 - ((0 - -11) + -7)
-10
Calculate (3 + -4 + -2 - -4) + 0 + 4.
5
Evaluate 5 - 12 - (-9 + 11 + -5 + 5).
-9
What is (-16 - 3) + 22 - 20?
-17
Calculate -245 - -244 - (8 - 2).
-7
-1 + 0 + (-11 - -10) + -18
-20
What is 11 + -31 + 30 + 22?
32
What is the value of -174 - -182 - (-5 - (0 - 5) - 27)?
35
What is (4 - (39 - 19)) + 35?
19
Evaluate -2 + (1 - -2) - 10 - -6.
-3
Evaluate -56 + 70 + (-24 - -1).
-9
What is the value of -8 + 16 + (-34 - -25) + -16 + 0?
-17
What is 0 + 24 - (20 + (50 + -25 - 39))?
18
What is (-6 - -15) + 0 + 3?
12
What is -13 + -29 + 40 + (10 - -3)?
11
Calculate 6 + -12 - (4 + (-11 - (-15 + -4))).
-18
Calculate -6 - (19 + -4 + -6) - (3 + 2).
-20
Evaluate (9 - (21 - 12 - (0 - -8))) + -1.
7
Evaluate 23 - (-20 + 3 - -35).
5
What is the value of -36 + -51 + 53 + 1 + 14?
-19
What is 21 - (6 - -56) - -69?
28
Calculate 24 + -17 + (-14 - 0).
-7
Evaluate 2 + -1 + 4 + -27 + 8 + 2.
-12
What is the value of (-3824 - -3831) + (-1 - -3) + -39 + -1?
-31
0 + 3 - (-16 + 37 + -33)
15
What is the value of -11 + 15 + 10 + -10 + 18?
22
What is 1 + (-2 - (-7 - 0) - 6)?
0
What is the value of 37 - 58 - (0 - 18)?
-3
(2 - 13) + 13 + -1 + -2 + -2
-3
What is 40 + -39 - (-12 + -1 + 2 - 1)?
13
What is the value of -5 + 5 + 2 + 9?
11
What is 20 - ((1 - 4) + -56 + 68)?
11
-2 - 26 - (-1977 - -1970)
-21
(54 - 48) + -25 + -3
-22
Evaluate 0 + -2 - (9 + 2 + (-6 - -10)).
-17
(-13 - -28) + -1 - -3 - (0 + -9)
26
What is 10 + (-12 - (14 - (16 - 3)))?
-3
-6 + 2 + 17 + (-11 - -1)
3
Calculate 12 + (-10 - -5) + (-17 - -12).
2
What is (20 - 1) + -9 - 14?
-4
Evaluate -25 + 4 + -3 - (18 + -18).
-24
Evaluate -18 - (-6 - (10 - (10 - -3))).
-15
0 + 1 + 12 - (-5143 + 5153)
3
Calculate 10 + -23 - (43 + -28).
-28
What is (-2 - ((-1 - -14) + -15)) + 18?
18
Calculate -8 - (-7 - -2) - -15.
12
What is the value of -4 - (2 + -5) - (-24 + 14 - -33)?
-24
What is the value of -4 + 0 + -16 + 13 + (7 - 2)?
-2
Calculate 3 + (-6 - (4 - 4)) + -10.
-13
What is the value of 26 - ((-73 - -74) + -5 + (-3 - -1))?
32
What is 13 - 23 - 5 - (3 + 2)?
-20
What is the value of 1 + (4 - 3) + 2 + -23 + 6?
-13
Evaluate 2 + (1 - 2) - (-22 - (11 + -35)).
-1
What is -24 - (-16 + 13 - 11)?
-10
Evaluate -28 - -4 - (-14 - (-1 + -6 + 3)).
-14
What is 49 + -50 + -5 + 17?
11
1 + -4 + (-7 - (-5 - (-5 + -5)))
-15
What is the value of -7 - -16 - -6 - 18 - 1?
-4
Calculate -14 + 15 + -20 + 3.
-16
(-12 + 16 - -9) + -1 + -10 + 4
6
-2 + 18 - 3 - 17
-4
Calculate (3 - 8) + 0 + (-9 - 0).
-14
Evaluate (2 - 1) + -5 + (10 - (7 + -13)).
12
Calculate 10 + -11 + 11 + -4.
6
5 + (-1 - -2) + (7 - (-7 - -11))
9
Evaluate -2222 + 2218 - (2 - (9 - -2)).
5
Evaluate -1 - -5 - ((-42 - -62) + 2 + -5).
-13
What is the value of -7 - (13 - (36 - 16))?
0
What is the value of (-9 - (-24 - -19)) + 3 - (1 - -14)?
-16
Calculate 63 + (-21 - (46 - 34)).
30
What is the value of 12 - (6 - -25) - -3?
-16
Calculate -1 - -2 - (30 - 26) - 7.
-10
Evaluate 1 - 25 - ((23 - 10) + (1 - 20)).
-18
What is the value of -7 + -1 - (99 - 95) - -8?
-4
Calculate 3 + (15 + -14 - 11) - 2.
-9
Calculate (8 - 14 - -21) + -23.
-8
Calculate -4 - (-11 - (-2 + 7 + -3 - 2)).
7
Evaluate -15 - (3 - (4 - -6) - (-1 + -7)).
-16
What is the value of 4 + (-8 - (-3 + 1) - -17) - -8?
23
Evaluate 2 + -40 + 0 + 18.
-20
Evaluate 5 + 6 + -17 + 15 + (-1 - -3).
11
What is the value of -26 - (19 + -11 + -53)?
19
What is -20 + (25 - 20) + (-1 - -1) + -2?
-17
8 + 16 - 37 - 4
-17
Evaluate 7 - (3 - 4) - (16 + -7).
-1
What is the value of 11 + (-28 + -16 - -21)?
-12
What is -10 + (20 - 32 - 0)?
-22
Calculate (-9 - -20) + -7 - (-2 - (2 + -8)).
0
What is (3 - (3 - 2)) + -27 + 33?
8
Calculate (-15 - 2) + 2 + -26 + 35.
-6
Calculate (-14 - -10 - -2) + 4 + -13.
-11
(-1 - (-37 - -7 - -13)) + -13
3
What is -8 + -4 + (5 - -8) + -3?
-2
What is (3 - -4) + -25 + (6 + -5 - 0)?
-17
What is the value of (19 + -16 - -2) + (-1 + 1 - -3)?
8
What is -19 - (-22 - -29 - 51)?
25
Evaluate 5 - -1 - 4 - (-2 - -10 - 3).
-3
Evaluate (-29 - -59) + -36 - -17.
11
What is 11 - (5 + (7 - -2 - 25) - -21)?
1
Calculate 0 - -23 - (11 - 18 - -16).
14
What is the value of (3 - 18) + 24 + -20 + 15?
4
Evaluate -7 + (-4 - -4 - 6 - -1).
-12
What is 11 - (55 + -70 - (-4 - 46))?
-24
What is 2 - (-11 - (-5 - -16 - (-16 - -20)))?
20
(16 + -11 - 12) + -2 + (-1 - -27)
17
What is the value of 7 - 0 - (-12 + 1 + 4)?
14
Evaluate -7 - ((71 - 75) + (-2 - -8)).
-9
What is the value of -4 + 13 + -1 + (-29 - -17)?
-4
-12 + 4 + 19 + -5 - 6
0
What is the value of (-15 - -36 - 6 - -11) + -5?
21
Evaluate 5 - (9 - 3) - -2 - -1 - -6.
8
What is -13 - (-1 + (1 - (-6 + 9)) + 0)?
-10
What is the value of (-21 - (-23 + 8)) + (0 - -27)?
21
What is 12 + ((4 - 9) + -2 - -5)?
10
Calculate -4 - (25 + -20 - 22).
13
Evaluate 2 - -2 - (-19 + 28 + -5).
0
9 + (0 - 1) - (11 - 38 - -50)
-15
10 - ((9 - -2) + (17 - 11))
-7
Evaluate -18 + (-9 - 5) + 28.
-4
What is the value of -10 + 15 + -28 - -28?
5
Evaluate -13 + 4 - ((10 - -5) + -10).
-14
Evaluate (15 - 8) + -12 + -7.
-12
Evaluate -63 + 71 - (-4 - 0).
12
What is the value of 13 + 4 + 5 - ((2 - 7) + 6)?
21
What is (-3 + -3 - (-12 + 10)) + 10 + -6?
0
What is 12 + (11 + 7 + -11 - 14) - 0?
5
Evaluate 3 + (-3 - -2) - (1 + -8 - -9).
0
Evaluate 4 - 4 - (0 + -2 - (-41 + 61)).
22
What is the value of -5 - (2 - (-7 - -27)) - 8?
5
What is -19 + 11 + 9 - -1 - (-1 + -1)?
4
What is the value of (22 - (-2 - -10 - -4)) + -45 - 3?
-38
-10 + -2 + 1 + 4 - (52 + -41)
-18
9 + (12 - 10) + -13
-2
(-332 - -325) + (3 - 7 - -41)
30
What is the value of (56 - 68 - (-3 + -19)) + 28?
38
What is (45 - 22 - 58) + (-2 - -1) + 5?
-31
Calculate (43 - 14) + -5 - (-2 + 12).
14
Calculate (-6 + -19 - -27) + (0 - 0) + 14.
16
What is the value of -2 + -17 + (9 - (-10 + 29)) + 14?
-15
6 + (26 - 6 - 9) - 10
7
What is the value of 9 - (4 - 3) - (-2 + 0)?
10
What is the value of (9 - (-13 + -9) - -1) + 5 - 5?
32
What is -3 + (10 - -5) + (25 - 41)?
-4
Calculate (-4 - (-2 - 19)) + 0.
17
What is -40 + 44 + 2 + -3 + -1 - -7?
9
(5 - -3) + -32 + 14 + 3
-7
-6 - (4 + -21 + 15)
-4
-16 - -1 - (45 - (-43 + 92))
-11
Evaluate 8 - (-1 - (-25 - (-8 + 15) - -5)).
-18
What is -3 - (-6 + -4 + 11 + -4)?
0
(9 - 0) + 0 + 2 + -14 + 6
3
Evaluate -35 + 29 + (-5 - -3) + 3.
-5
Calculate (70 - 70) + -20 + 4.
-16
What is the value of -31 - (-41 - -30) - -41?
21
-8 + (-2 - -9) + -4
-5
-16 - 0 - (20 - 28)
-8
Calculate 8 - 1 - (-23 + 6 + 28).
-4
14 + (-8 + 1 - -3)
10
What is -12 - -5 - ((-8 - -2) + 20)?
-21
Calculate -37 + (107 - 47) - 37.
-14
10 - (12 - (-6 - 1))
-9
Calculate -13 + (1 + -20 - (-16 + 17)).
-33
9 + -5 + 16 + -3 + 2
19
(114 - 111) + 1 + 0 + -3
1
What is 38 + -11 - 3 - 33?
-9
Calculate -417 - -439 - (1 - -3).
18
Calculate -9 + (-1 - (2 + 0 - 6)) - -3.
-3
-3 - (17 + -4) - -22
6
Evaluate 1 - (-1 - 0) - 0 - (-254 - -267).
-11
Calculate 3 + -13 + 3 + 7 + 7.
7
Calcul